{"id":39,"date":"2021-01-22T14:34:37","date_gmt":"2021-01-22T13:34:37","guid":{"rendered":"http:\/\/miwa.noblogs.org\/?page_id=39"},"modified":"2025-03-13T14:03:28","modified_gmt":"2025-03-13T13:03:28","slug":"infomaterial","status":"publish","type":"page","link":"https:\/\/miwa.noblogs.org\/?page_id=39","title":{"rendered":"Infomaterial"},"content":{"rendered":"<div class=\"entry-content\">\n<h3><strong>Berliner Mietergemeinschaft:<\/strong><\/h3>\n<ul>\n<li><a href=\"https:\/\/www.bmgev.de\/mietrecht\/infoschriften.html\" target=\"_blank\" rel=\"noopener noreferrer\">Infoschriften<\/a><\/li>\n<li><a href=\"https:\/\/www.bmgev.de\/mietrecht\/tipps-a-z.html\" target=\"_blank\" rel=\"noopener noreferrer\">Tipps a bis z<\/a><\/li>\n<li><a href=\"https:\/\/www.bmgev.de\/mietrecht\/musterbriefe.html\" target=\"_blank\" rel=\"noopener noreferrer\">Musterbriefe<\/a><\/li>\n<li><a href=\"https:\/\/www.bmgev.de\/mietrecht\/fragen-und-antworten.html\" target=\"_blank\" rel=\"noopener noreferrer\">Fragen und Antworten zum Mietrecht<\/a><\/li>\n<\/ul>\n<h3><strong>Berliner Mieterverein:<\/strong><\/h3>\n<ul>\n<li><a href=\"https:\/\/www.berliner-mieterverein.de\/mietrecht\/infoblaetter.htm\" target=\"_blank\" rel=\"noopener noreferrer\">Infobl\u00e4tter<\/a><\/li>\n<li><a href=\"https:\/\/www.berliner-mieterverein.de\/mietrecht\/mietrechtsliteratur.htm\" target=\"_blank\" rel=\"noopener noreferrer\">Mietrechtsliteratur<\/a><\/li>\n<li><a href=\"https:\/\/www.berliner-mieterverein.de\/mietrecht\/rechtsprechung.htm\" target=\"_blank\" rel=\"noopener noreferrer\">Rechtsprechung<\/a><\/li>\n<\/ul>\n<h3><strong>Rosa-Luxemburg-Stiftung:<\/strong><\/h3>\n<ul>\n<li><a href=\"https:\/\/www.rosalux.de\/fileadmin\/rls_uploads\/pdfs\/sonst_publikationen\/HB_Wem_zahl_ich_Miete.pdf\" target=\"_blank\" rel=\"noopener noreferrer\">Wem zahl ich Miete? Recherchehandbuch f\u00fcr Mieter*Innen<\/a><\/li>\n<li><a href=\"https:\/\/www.rosalux.de\/publikation\/id\/43284\/wem-gehoert-die-stadt?cHash=268680154b77809beb49cc3c1e0efd57\" target=\"_blank\" rel=\"noopener noreferrer\">Wem geh\u00f6rt die Stadt?<\/a> Analyse der Eigent\u00fcmergruppen und ihrer Gesch\u00e4ftspraktiken auf dem Berliner Immobilienmarkt (11\/20)<\/li>\n<li><a href=\"https:\/\/www.rosalux.de\/publikation\/id\/42141\/keine-transparenz-trotz-transparenzregister?cHash=1e0b234f42a848449ea732133ee595b3\" target=\"_blank\" rel=\"noopener noreferrer\">Keine Transparenz trotz Transparenzregister.<\/a> Studie von Christoph Trautvetter und der Rosa-Luxemburg-Stiftung (05\/20)<\/li>\n<li><a href=\"https:\/\/www.rosalux.de\/publikation\/id\/40502\/profitmaximierer-oder-verantwortungsvolle-vermieter?cHash=b50380e082b553ff0509225414465f0a\" target=\"_blank\" rel=\"noopener noreferrer\">Profitmaximierer oder verantwortungsvolle Vermieter?<\/a> Studie von Christoph Trautvetter und der Rosa-Luxemburg-Stiftung.<\/li>\n<\/ul>\n<h3><strong>Initiative &#8220;200 H\u00e4user&#8221;:<br \/>\n<\/strong><\/h3>\n<ul>\n<li><a href=\"https:\/\/www.200haeuser.de\/informationen-glossar\/\" target=\"_blank\" rel=\"noopener noreferrer\">Glossar zu Miete, Recht und Politik<\/a><\/li>\n<\/ul>\n<\/div>\n","protected":false},"excerpt":{"rendered":"<p>Berliner Mietergemeinschaft: Infoschriften Tipps a bis z Musterbriefe Fragen und Antworten zum Mietrecht Berliner Mieterverein: Infobl\u00e4tter Mietrechtsliteratur Rechtsprechung Rosa-Luxemburg-Stiftung: Wem zahl ich Miete? Recherchehandbuch f\u00fcr Mieter*Innen Wem geh\u00f6rt die Stadt? Analyse der Eigent\u00fcmergruppen und ihrer Gesch\u00e4ftspraktiken auf dem Berliner Immobilienmarkt (11\/20) Keine Transparenz trotz Transparenzregister. Studie von Christoph Trautvetter und der Rosa-Luxemburg-Stiftung (05\/20) Profitmaximierer oder &hellip; <a href=\"https:\/\/miwa.noblogs.org\/?page_id=39\" class=\"more-link\">Continue reading<span class=\"screen-reader-text\"> &#8220;Infomaterial&#8221;<\/span><\/a><\/p>\n","protected":false},"author":16208,"featured_media":0,"parent":0,"menu_order":0,"comment_status":"closed","ping_status":"closed","template":"","meta":{"footnotes":""},"class_list":["post-39","page","type-page","status-publish","hentry"],"_links":{"self":[{"href":"https:\/\/miwa.noblogs.org\/index.php?rest_route=\/wp\/v2\/pages\/39","targetHints":{"allow":["GET"]}}],"collection":[{"href":"https:\/\/miwa.noblogs.org\/index.php?rest_route=\/wp\/v2\/pages"}],"about":[{"href":"https:\/\/miwa.noblogs.org\/index.php?rest_route=\/wp\/v2\/types\/page"}],"author":[{"embeddable":true,"href":"https:\/\/miwa.noblogs.org\/index.php?rest_route=\/wp\/v2\/users\/16208"}],"replies":[{"embeddable":true,"href":"https:\/\/miwa.noblogs.org\/index.php?rest_route=%2Fwp%2Fv2%2Fcomments&post=39"}],"version-history":[{"count":4,"href":"https:\/\/miwa.noblogs.org\/index.php?rest_route=\/wp\/v2\/pages\/39\/revisions"}],"predecessor-version":[{"id":474,"href":"https:\/\/miwa.noblogs.org\/index.php?rest_route=\/wp\/v2\/pages\/39\/revisions\/474"}],"wp:attachment":[{"href":"https:\/\/miwa.noblogs.org\/index.php?rest_route=%2Fwp%2Fv2%2Fmedia&parent=39"}],"curies":[{"name":"wp","href":"https:\/\/api.w.org\/{rel}","templated":true}]}}